5*l + 588, -l + 100 = -241*m + 245*m. Calculate the highest common factor of 1474 and l.
22
Let x be ((-5)/(-10))/(1/(-2 - -8)). Suppose 0 = 2*h + 2*q - 506, x*q = 76*h - 72*h - 1005. Calculate the greatest common factor of 112 and h.
28
Let f = 15281 - 15122. What is the greatest common factor of 689 and f?
53
Let t = -2967 - -4620. Calculate the greatest common factor of t and 29.
29
Let o(k) = 3*k**3 + 30*k**2 + 10*k - 18. Let y be o(-9). What is the highest common factor of y and 315?
45
Let q(k) = k**3 - 13*k - 7. Let p be q(4). Suppose 0 = -p*x - 5, -2*x - 204 = 5*c - 2512. What is the highest common factor of c and 21?
21
Let q be (3393/(-15))/(81/(-135)). Calculate the highest common factor of 667 and q.
29
Let m(q) = -924*q + 4802. Let b be m(5). What is the highest common divisor of 28 and b?
14
Let t be -3 + (2 - (-1 + 0)). Let r be ((t - -2)/(-2))/(-2)*6. Let a be (-4)/((-36)/165) - 1/r. Calculate the greatest common factor of 162 and a.
18
Suppose -38 = -i - 5*z, 3*i - 647 = -4*z - 522. What is the greatest common divisor of 9847 and i?
43
Let q be 7 + (-8)/40 + 21/5. Suppose -2*o - 1764 = -q*o. Calculate the highest common factor of o and 28.
28
Let s = 101 - 50. Let j(h) = 52*h + 1088. Let c be j(-17). What is the highest common divisor of s and c?
51
Suppose j = f - 196, -f + 3*f - 5*j - 401 = 0. Let p = f + -288. Let x = p + 167. What is the highest common factor of x and 24?
24
Suppose 8624 = 167*v - 13*v. Let k be ((-4)/6)/(7/(-84)). Calculate the greatest common factor of v and k.
8
Let j = -41 - -72. Let u(s) = -3*s**2 + 165*s - 32. Let g be u(47). Suppose 4*x = 5*z + g, -90 + 652 = 2*x + z. Calculate the highest common divisor of x and j.
31
Let q be (0/(-2) - 10)*(-456)/60. Suppose q*b - 71*b - 335 = 0. Suppose b = 7*g - 283. What is the highest common factor of g and 10?
10
Let n(l) = -5*l + 130. Let a be n(22). Suppose 196 = -a*r + 27*r. Calculate the greatest common factor of 14 and r.
14
Let y be 448/1456*(-312)/(-8). Suppose -j - 2*j + 237 = 0. Let a = j - 19. Calculate the greatest common divisor of a and y.
12
Let c = 13327 + -13257. What is the highest common divisor of c and 2135?
35
Let r(z) = -39 - 205*z - 39 + 211*z. Let w be r(13). Suppose w*q - 3008 = -8*q. What is the highest common divisor of 47 and q?
47
Let s be (-56)/24*3 + -3 + 13 - -1014. Calculate the greatest common factor of s and 81.
9
Suppose -8402 = -2*g - 4*s, 13*g + 5*s + 8330 = 15*g. Calculate the greatest common factor of 1080 and g.
135
Suppose 0 = 7*s - 8*s - 251. Let k = s + 359. Calculate the greatest common divisor of 378 and k.
54
Suppose 2 = 8*l + 50. Let f be l/4*(20/(-3))/2. Suppose -f*g + g - 5*w = -141, 5*w = -3*g + 102. What is the highest common factor of g and 13?
13
Let d(k) = 3*k**2 + 135*k + 1545. Let q be d(-13). What is the greatest common factor of q and 351?
27
Let s = 291 + -123. Suppose -2*b - 17 = -2*h - 7*b, -4*h + 59 = 5*b. What is the greatest common factor of s and h?
21
Let b(s) = -s**3 - 3*s + 1961. Let i be b(0). Calculate the greatest common factor of 111 and i.
37
Suppose 8*v - 55 - 74 = 95. Let x = -7 + 11. What is the greatest common factor of x and v?
4
Let f(k) = 5*k + 90. Let t be f(-19). Let z be (t/(-3))/(4 - (-236)/(-60)). What is the greatest common factor of z and 275?
25
Suppose -9*t = -6*t + 2*m - 4, -t + 3 = -m. Suppose g + 3*b - 6 = 6*b, 0 = -4*g + 5*b + 17. What is the highest common factor of t and g?
1
Let p be (8 - 12)*(-7)/4. Suppose -p*q - 80 + 192 = 0. What is the highest common divisor of q and 64?
16
Suppose 3*v + l = 976, 5*l = v - 157 - 147. What is the greatest common factor of v and 516?
12
Let t be 4/((2 - -1) + 196/(-56)) + 73. Let p = -797 + 1317. What is the greatest common divisor of p and t?
65
Suppose 818 = 5*r - 3*i, -92*r - i = -89*r - 474. Calculate the greatest common divisor of 65 and r.
5
Let o = 220 + -129. Let c = o - 84. Suppose c*k - 672 = -7*k. Calculate the highest common divisor of k and 64.
16
Let l(d) = 2*d**2 - 29*d - 11. Let f be l(15). Suppose 181 = g - f*s, -11*g + 3*s + 990 = -6*g. What is the highest common divisor of 67 and g?
67
Suppose 6*w = w + 50. Suppose -340 = -g + 190. What is the highest common divisor of g and w?
10
Let k be (18/(-7))/(5/(4900/(-3))). What is the greatest common factor of 42 and k?
42
Let i be -14*4082/(-273) + (-4)/3. Calculate the greatest common divisor of 91 and i.
13
Let t(j) = -32*j + 16. Let x(z) = z. Let f(k) = -t(k) - 24*x(k). Let i be f(9). Let a = i + -53. Calculate the greatest common factor of a and 21.
3
Let g = -715 - -730. Suppose -3*l = g, 5*c + 2*l - 35 = -l. Suppose s = -0*s + 80. What is the highest common factor of c and s?
10
Suppose -61*v + 56*v = -1120. Suppose s - 73 - v = 0. Let n = 23 - -4. Calculate the greatest common divisor of s and n.
27
Suppose 9*m + 7*m = 1536 + 368. What is the greatest common divisor of m and 21?
7
Let k be -2 + (-1 + 0 - -15). Suppose 0 = -3*r + 190 + 380. Suppose 11*f + r = k*f. Calculate the highest common divisor of f and 76.
38
Suppose 2*o - 4*m = 68, 1905*o - m - 161 = 1900*o. Calculate the highest common divisor of 12832 and o.
32
Suppose 33*g = 34*g + y - 5560, -5555 = -g + 4*y. Calculate the greatest common divisor of g and 51.
51
Let w(s) = 19*s**3 + 5*s**2 - 4*s**2 + 1 - 2*s**2. Let z be w(1). Calculate the greatest common factor of 1 and z.
1
Suppose 0 = -6*x + 3*x - 3. Let b(p) = -3*p**3 - p. Let n be b(x). Let t be (3 + -2)/(n/40). What is the greatest common divisor of 70 and t?
10
Let o = -14216 + 24216. What is the highest common factor of 16 and o?
16
Suppose 24 = -d + 7*d. Let x be ((-2)/d)/((-15)/1380)*3. What is the highest common divisor of 345 and x?
69
Let w = 49 - 78. Let j = -24 - w. Let z(u) = -u**3 + 7*u**2 - 7*u - 2. Let a be z(j). Calculate the greatest common factor of a and 104.
13
Let z(v) = -2*v**3 - 3*v**2 - 4. Let f be z(-4). Let l(p) = 36*p + 116. Let k be l(-2). Let h = f - k. Calculate the greatest common divisor of 8 and h.
8
Let k = 23607 + -23527. Calculate the highest common divisor of k and 4304.
16
Let o(u) = u**3 - u**2 - u. Let c(n) = 5*n**3 + 9*n**2 - 2*n + 27. Let g(s) = c(s) - 4*o(s). Let k be g(-13). Calculate the greatest common factor of k and 6.
1
Let a = 542 + -290. What is the highest common divisor of a and 1848?
84
Suppose 0 = 5*k - 2*k - 1866. Suppose 2*h - 374 = -h - l, -l = 5*h - k. Suppose -h = -5*r - 39. Calculate the highest common factor of r and 119.
17
Let c be (-25)/((-1950)/1664)*2/(4/3). Calculate the greatest common divisor of 316 and c.
4
Let s(p) = -14*p**3 + 4*p**2 - 5*p - 21. Let u be s(-2). What is the highest common divisor of 6942 and u?
39
Let b be 85 - (-1 - 13 - -4). What is the highest common divisor of 285 and b?
95
Suppose 594*h = 583*h + 2376. Calculate the greatest common factor of h and 1458.
54
Let m be 35/((-6)/10 - 24/(-15)). Let y = m - 1. Suppose -141 = 3*h - 294. What is the highest common divisor of y and h?
17
Suppose -4*q - 2*h + 18516 = 0, 4644 = 26*q - 25*q + 3*h. What is the greatest common factor of 18 and q?
18
Let b(x) = -x**2 - 25*x + 625. Let s be b(0). Let r(k) = -5*k + 70. Let m be r(9). What is the greatest common factor of s and m?
25
Suppose 3*i = 2*n - 0*i - 55, 93 = 3*n - i. Suppose 5039*l - 146807 + 20711 = 4826*l. Calculate the greatest common factor of n and l.
16
Let y(z) = 47*z - 24. Let u be y(-4). Let g = u + 242. What is the greatest common divisor of 40 and g?
10
Let k be 1*4/22 + 12/(-66). Suppose k = 10*p + 4*p - 546. Calculate the greatest common factor of p and 65.
13
Suppose 2*r - 29700 = 4*d, 43*d + 59388 = 4*r + 47*d. What is the greatest common factor of 58 and r?
58
Suppose 3*b + 45 = -5*q + 9*q, q = 3*b. Let x be (-3*1 - -2) + 10. Suppose q = 6*h - x. What is the greatest common divisor of h and 28?
4
Let y(m) = -550*m + 278*m - m**3 + 278*m - 3. Suppose 0 = -3*k - 2*n - 9, 0 = 4*k - n + 12 - 0. Let a be y(k). Calculate the greatest common factor of 30 and a.
6
Let f be 42539/3 - 3000/(-2250). What is the highest common factor of f and 261?
87
Let s(c) = 5*c**2 + 30*c - 137. Let x be s(28). What is the highest common divisor of 603 and x?
201
Let j = 318 - 62. Suppose 6*m - 2*m = 128. Calculate the highest common divisor of j and m.
32
Suppose